 -4*c(h) - 3*j(h). Give g(3).
-26
Let u = 14 - 13. Let l(n) = 2*n + 1. Let x(m) = -5*m - 2. Let j(t) = 9*l(t) + 4*x(t). Determine j(u).
-1
Let j(s) = -4. Let c(h) = h + 25. Let v(x) = c(x) + 6*j(x). What is v(-6)?
-5
Let z(k) be the third derivative of k**4/6 + k**3 - k**2. Let f(t) = t**3 - 5*t**2 + t - 4. Let x be f(6). Let q = 34 - x. What is z(q)?
-10
Let g(d) be the first derivative of d**3 - 3/2*d**2 + d + 7 + 1/4*d**4. Determine g(-4).
-3
Let y(b) = -b**3 + 6*b**2 - 5*b + 2. Suppose 0 = -4*a - 8, -3*l - 81 = 2*l - 2*a. Let z = 22 + l. Let g be y(z). Let x(j) = -j**3 + 2*j - 1. Determine x(g).
-5
Let f be -1*(-4)/((-6)/(-3)). Let o(x) = x**3 - 3*x**2 + 3*x - 3. Let c be o(f). Let l(p) be the first derivative of 5*p**3/3 + p**2 + p - 4. Calculate l(c).
4
Let z(w) = -27*w**2 - 10*w. Let s(i) = -74*i**2 - 29*i + 2. Let a(v) = 4*s(v) - 11*z(v). Calculate a(6).
8
Let n(x) = 2*x + 4. Suppose -3*h + 201 = -3. Let v be h/17 + -3*3. Determine n(v).
-6
Let v(l) be the second derivative of l**5/40 + l**4/8 + 13*l**3/6 + 23*l. Let f(x) be the second derivative of v(x). Give f(3).
12
Let l(x) = -4*x - 1. Let z be (42/(-9))/(-7) + 4/3. Calculate l(z).
-9
Let t(c) be the first derivative of c**4/4 + 5*c**3 - 9*c**2 - 24*c + 183. Give t(-16).
8
Let f(q) = q**3 - 12*q**2 + 13*q - 22. Let z be (-19)/(-26 - -7)*(11 + 0). Calculate f(z).
0
Let v(f) = -f**2 - 7*f - 2. Let r(n) = 3*n**2 + 21*n + 6. Suppose 0 = -5*t - 5, 3*k - 2*k - 2*t - 8 = 0. Let x(h) = k*r(h) + 17*v(h). What is x(-7)?
2
Let j(y) = y**3 + y**2 - 8. Let c be (3/(-4))/(6/(-16)). Suppose -7*f + c*f = -10. Let k be (-1 + 1)*f/(-4). Give j(k).
-8
Let c(h) be the third derivative of -1/120*h**6 - 1/15*h**5 + 2*h**2 + 1/12*h**4 + 12 + 0*h + h**3. Let l(g) = g - 10. Let m be l(6). Calculate c(m).
-2
Let c(a) = -a**2 + 12*a - 7. Let y(v) = -v**2 - 7 + 14*v - 2*v - v. Suppose 0 = 3*b - 6, 14 = 2*q - 5*b + 36. Let j(o) = q*y(o) + 5*c(o). What is j(5)?
2
Let g(x) be the first derivative of 3*x**2/2 - 16*x - 127. Determine g(5).
-1
Let q(c) = -7*c + 7. Let y(j) = 20*j - 22. Let w(k) = 14*q(k) + 5*y(k). Determine w(-11).
-34
Let y(v) = -4*v**3 - 11*v**2 - 9*v - 1. Let l(t) = -t**3 - t**2 - 1. Let h(x) = 3*l(x) - y(x). What is h(-7)?
-16
Let l(n) = -4*n**3 - n. Let z = -946 - -944. Give l(z).
34
Let x(n) = -n**2 + 2*n + 12 - 22 + 16. Let a be 3/((-18)/(-4))*15/2. Give x(a).
-9
Let l(r) = -2*r**2 + 31*r + 3 + 39*r - 57*r. What is l(7)?
-4
Suppose -2*i + 22 = 3*j - 5*j, 5*i - 13 = -j. Let k = -2 - -2. Let g(w) = k + w - 3*w + 6. Calculate g(j).
20
Suppose 4*s - 7 = 1. Suppose 4*n - n - 2*q = 7, q + 5 = s*n. Suppose -2*i - n*i = -25. Let w(l) = -l + 1. Determine w(i).
-4
Let o(q) be the third derivative of -q**4/24 - q**3/3 - 5*q**2. Let n(i) = i + 5. Let z be n(-4). Let j be (9 + z - 0)/2. Calculate o(j).
-7
Let i be 4*(20/8 - 2). Let w = 9 + -1. Let o(n) = 18*n - 8*n - w*n - n**2. Calculate o(i).
0
Let m = -71 - -16. Let u be (22/m)/((-2)/10). Let j(i) = 4*i**2 - 4*i + 3. Determine j(u).
11
Let x(g) = -g**3 + 6*g**2. Let l be 1*-6*(1 + -2). Let c be x(l). Let k(b) = -b**2 + 3*b - 8. Let v(p) = p**2 - 4*p + 8. Let u(y) = -4*k(y) - 3*v(y). Give u(c).
8
Suppose -5*u + 26 - 6 = 0. Suppose 5*v = -5, 0*v = -u*a - 4*v + 20. Let j(r) = r**3 - 6*r**2 - 3*r. Give j(a).
-18
Let q = 3 - 2. Let f(a) = 7 - 7 + q - 8*a. Let o be 1*-2*(-1)/(-2). What is f(o)?
9
Let d(c) be the second derivative of -c**3/6 + c**2 - 306*c. Let t(s) = -3*s**2 + 6*s + 3. Let v be t(-5). Let m be v/(-15) + (-1)/(-5). Give d(m).
-5
Let i(c) be the second derivative of -c**5/20 - c**4/4 - c**3/6 + c**2 - 520*c. Determine i(-2).
0
Let g(f) = -8 - 14*f - 29*f**2 + 28 + 3*f**3 + 11*f**3. Let m(b) = 5*b**3 - 10*b**2 - 5*b + 7. Let l(r) = -6*g(r) + 17*m(r). What is l(-4)?
3
Let r(m) = 3*m - 10. Let o = 21 - 24. Let a be ((-7)/(-2))/(((-3)/2)/o). What is r(a)?
11
Let y(c) be the second derivative of -9*c + 0 + 1/20*c**5 + 0*c**3 + 1/6*c**4 + c**2. Determine y(-2).
2
Let a(q) be the first derivative of -q**4/4 + 5*q**3/3 + 3*q**2 - 6*q + 396. Suppose 35 = 5*r + 5. Calculate a(r).
-6
Let q(t) = -t**2. Let j(i) = -i**2 + 26*i. Let d be j(26). Give q(d).
0
Let x be ((2 + -9)*-1)/1. Let m(n) = 57*n**2 + 7 + 6*n - 58*n**2 + 2*n. Give m(x).
14
Suppose 2*f + 165 = -f + z, 0 = -3*f + 5*z - 177. Let y = f + 49. Let n(s) = -s**3 - 6*s**2 - 2*s - 3. Calculate n(y).
-18
Let t(b) = -b**3 - 10*b**2 - 8*b + 4. Let x(i) = 3*i**3 + 29*i**2 + 23*i - 12. Let a(m) = -8*t(m) - 3*x(m). Let h = 15 - 15. Suppose h*w - w = 6. What is a(w)?
-2
Let r(o) be the first derivative of o**3/3 + 4*o**2 - 9*o + 146. Let z = 2 + -10. Calculate r(z).
-9
Suppose 0 = z + 4*z - 4*h - 38, 4*z - 2*h - 28 = 0. Let y(r) = 0*r + z*r - 2*r - 4. Calculate y(-3).
-16
Let f be 6/((-44)/(-16) - 2). Let p = 11 - f. Let m(h) = -p + 0 + h + 1. Determine m(-5).
-7
Let s = 2719 - 2720. Let i(b) = -19*b**3 + 6*b**2 - 2*b - 7. Let n(f) = 20*f**3 - 7*f**2 + 2*f + 8. Let o(r) = 7*i(r) + 6*n(r). Determine o(s).
14
Let i be (4/6)/(225/81 + -3). Let a(q) = q**2 + 2*q - 4. Calculate a(i).
-1
Let p(f) = f**2 - 6*f + 6. Let v = 8 - 6. Suppose 0 = 4*y + v*q - 196, 5*q + 6 = -4. Suppose -2*o + 5*j = -29 - 8, 4*j = 5*o - y. Give p(o).
6
Let v be (0 - 0)*(-6)/6. Suppose -4*i + 5*c - 10 = v, 4*c = i + 6*c - 4. Let y(s) = 5 + i*s**2 + 2*s - 1 - 2 - s**2. What is y(2)?
2
Let z(r) = r**2 - 6*r - 1. Suppose -3*q = 2 - 59. Suppose q - 4 = 3*i. Calculate z(i).
-6
Let p(i) = 3*i**2 + 9*i - 5. Let r(o) = o**2 + 5*o - 2. Let b(a) = 2*p(a) - 5*r(a). Suppose 0 = -4*k, l - 3*l + 3*k = 18. Let c be ((-20)/6)/(6/l). Give b(c).
-10
Let r(x) = 45*x - 15. Let p(o) = -22*o + 7. Let z(f) = 13*p(f) + 6*r(f). Suppose 0 = -15*h + 7*h - 16. Let m be -7*(-2)/18 + h/(-9). Give z(m).
-15
Let z(u) be the third derivative of u**7/1680 - u**6/720 - u**5/20 - 11*u**2. Let d(s) be the third derivative of z(s). Determine d(-2).
-7
Suppose -101*n = -129*n - 112. Let f(d) = d + 13. Determine f(n).
9
Let y(o) = -o. Let z(i) be the first derivative of -i**2/2 - 2. Let l(s) = 3*y(s) - 4*z(s). Suppose -4*t + 8 = -2*t. Give l(t).
4
Suppose -36*s + 72 + 180 = 0. Let b(g) = g - 8. What is b(s)?
-1
Let j = 107 + -105. Suppose c = 5*z - 13, -4 = 2*c - j*z + 3*z. Let b(p) = -p**3 - 5*p**2 - 3*p. What is b(c)?
-9
Let k(u) be the third derivative of -u**6/120 + u**5/12 - 5*u**4/24 + u**3/3 - 2*u**2 + 90*u. Calculate k(3).
5
Let w(q) be the second derivative of q**5/60 - q**4/12 - 6*q**3 - 40*q. Let s(j) be the second derivative of w(j). Let u be 43/9 + 4/18. Determine s(u).
8
Let x = 816 - 810. Let q(i) = i**2 - 4*i - 8. Calculate q(x).
4
Let z be (-5)/(-2)*-2*1. Let q(j) be the first derivative of j**2/2 + 4*j - 90. Let n be q(z). Let s(w) = w - 1. What is s(n)?
-2
Let i(p) = -p**3 - 10*p**2 + 10*p + 6. Let m be (3 + (-407)/55)/(4/10). Calculate i(m).
17
Let o(h) = 3*h - 1. Suppose 6*w = -4*w - 400. Let g be (3/(-6)*-1)/((-4)/w). Determine o(g).
14
Let j(p) = -8*p**2 - 46*p + 6. Let c be j(-6). Let z(v) = 5*v**3 + v**2 + v + 7. Let l(m) = 4*m**3 + 2*m + 7. Let i(o) = -6*l(o) + 5*z(o). What is i(c)?
-1
Suppose 0 = 8*g - 18 - 46. Let w(a) = g*a - 17*a + 7*a. What is w(4)?
-8
Let s(j) = j**2 - 3*j - 1. Suppose 3*i + 9 = 3*b, -30*b - 4 = -33*b - 2*i. Determine s(b).
-3
Let s(w) = 4 - 232*w - w**2 + 120*w + 115*w. Give s(5).
-6
Let s = 9 - 3. Let d = 12 + -17. Let i(m) = 4*m**3 + 10*m**2 + m + 5. Let u(j) = -j**3 - j**2 + j - 1. Let x(r) = d*u(r) - i(r). Determine x(s).
0
Let l(o) = 2*o**2 + 1. Let k be -2 + (-13 - -2) + 0. Let i = k + -9. Let g = i - -21. Give l(g).
3
Let d(j) = -6 - 7*j**2 + 4*j - 4*j - 7*j + j**3. Let p be -1*51 + -2*6/(-4). Let i = 56 + p. Give d(i).
2
Let c(o) = 21*o - 1. Let t(l) = 104*l - 5. Let u(n) = 5*c(n) - t(n). Give u(5).
5
Let q(l) = 33*l - 4940 + 4931 - 32*l. What is q(-11)?
-20
Let j = -50 + 56. Let v be (-36)/(-8)*(-2 + 8/j). Let d(b) = -b**2 - 5*b + 2. What is d(v)?
8
Let g(k) = 8*k**2 + 22*k + 8. Let j(b) = -7*b**2 - 17*b - 8. Let l(a) = 5*g(a) + 6*j(a). Determine l(6).
-32
Let m(p) = p**3 - 14*p**2 + 12*p + 18. Let z be 6/(-12) - 351/(-26). Calculate m(z).
5
Let s(u) = -u**2 + 5*u. Suppose 8*n = 4*n. Suppose -5*x = -n*x. Suppose -10 = -x*o - 2*o. What is s(o)?
0
Let g(w) = w**3 - 9*w**2 + 11*w - 7. Suppose 0 = -5*v - 11*u + 6*u 